**4/8 + 11*i**3/6 + i**2. Suppose -j = 5*t + 17, 5*t = 3*j + t + 32. Is b(j) a composite number?
True
Suppose 139 = m + 6. Let t = m - 95. Let u = t + 39. Is u prime?
False
Suppose 5*p = -5*t + p + 11, -4*t - 5*p = -7. Suppose -2*s + 1 = -t. Suppose 4*m + 26 = s*d, 2*d + 3 = -5*m - 16. Is d prime?
True
Let c(g) = 2*g. Let z be c(1). Suppose -z = 5*y - 4*t, -t - 2*t = y - 11. Is (-211)/(-4)*(2 + y) a composite number?
False
Let h = 3 - 2. Is 2/(h + (-57)/63) prime?
False
Suppose -2*l + 9 = -2*q + l, 7 = 4*q - l. Let y(i) = 8*i + 3. Let k be y(q). Let m = k - -50. Is m a prime number?
False
Let k(u) = 4 - 8 - 11*u - 18. Is k(-9) a prime number?
False
Let z(b) = 26*b**2 - 4*b + 13. Is z(7) prime?
True
Let d(u) = -14*u - 3. Suppose -5*f - 1 = 9. Is d(f) composite?
True
Let s(y) be the second derivative of 33*y**5/5 + y**3/3 - y**2/2 + 4*y. Is s(1) prime?
False
Let q be 0/(-1 + 0/(-1)). Suppose 2*g - 433 - 81 = q. Suppose 2*d - d = g. Is d composite?
False
Let a(z) = z**3 - z. Let b(t) = -t - 5. Let g be b(-7). Is a(g) prime?
False
Let h(d) = -16*d + 11. Let u(x) = -x**2 + 64*x - 45. Let j(k) = -9*h(k) - 2*u(k). Is j(-12) a composite number?
True
Let s(u) = -u**2 + 5*u + 1. Let p be s(5). Suppose 2*d + p - 5 = 0, 0 = 3*c + 3*d - 21. Suppose 4*y = -c*w + 220, 3*w - 110 = -2*y - w. Is y a prime number?
False
Suppose -13*c + 1655 = -8*c. Is c a prime number?
True
Suppose -295 = -4*l + 237. Suppose -t = -16 - l. Is t composite?
False
Let q be 16/72 + 8168/18. Suppose 2*h = 208 + q. Is h prime?
True
Suppose -4*l + 117 = 17. Let b = 152 - l. Is b a composite number?
False
Suppose 0*q + 4*q = 3*p - 69, -2*q = 0. Is p composite?
False
Let v = 267 - -72. Is v prime?
False
Suppose f + 3*j - 92 = -431, -j - 5 = 0. Let d = -197 - f. Is d composite?
False
Let x = 27 - 17. Let n be (-96)/x*35/(-7). Suppose n = 5*h + 13. Is h a composite number?
False
Suppose 4 - 12 = -4*y. Suppose 44 + 75 = r + 5*s, -r - y*s = -104. Suppose r = -4*t + 458. Is t composite?
True
Suppose 5*p = w + 11, -3*w + 7*p - 33 = 4*p. Let c = w + 36. Is c a composite number?
True
Let z = -1140 - -2047. Is z a composite number?
False
Let l = 206 + -116. Let x be ((-56)/(-12))/(3/l). Suppose 46 + x = 2*s. Is s prime?
False
Let u = -94 + 192. Suppose 0*t = -5*t. Suppose t = -h - 3*z + 49, u = 3*h - 4*z - 49. Is h a composite number?
True
Suppose -4*o + 92 = -n, o + 2*n = 24 - 1. Is o prime?
True
Suppose 31 + 9 = -2*g. Is (-2)/(-8) - 215/g prime?
True
Suppose -2*m + 1012 = 8*a - 4*a, -a + m + 247 = 0. Is a a prime number?
True
Suppose -f = 4*f - 455. Is f composite?
True
Is 39/(-30)*-72 + (-6)/(-15) a composite number?
True
Suppose 0 = -5*y - 15, -5*b = -0*y + y - 1507. Suppose 162 = -4*c - 5*w + 1415, 0 = -c - 5*w + b. Is c prime?
True
Suppose -5*p + 3357 = -y, -p + 667 = -0*p + 2*y. Is p a prime number?
False
Suppose 2 = -2*q + 10. Suppose 0 = -q*d + d + 447. Is d prime?
True
Let b = 3 - 0. Suppose -69 = 2*a - 7*a + 3*m, -2*a - b*m + 15 = 0. Is 4/6 + 556/a composite?
False
Suppose 0 = -4*x + 51 + 329. Suppose p + 3*q = x, p = 3*q - 0*q + 83. Is p composite?
False
Let x(n) = 15*n**2 + 5*n - 1. Is x(-11) a composite number?
False
Let d be 4098/(-33) + 2/11. Let h = 177 + d. Is h a prime number?
True
Let v(m) = -m**3 + 3*m**2 + 2*m. Let h be v(4). Let w(r) = -r**3 - 2*r**2 - 5*r - 5. Is w(h) composite?
False
Suppose 3*y = 4*y + 1444. Let n = -485 - y. Is n a composite number?
True
Let p(o) = 37*o - 14. Let f = 5 + 4. Is p(f) a composite number?
True
Suppose 0*p - 3647 = -7*p. Is p a prime number?
True
Let f(m) = -5*m**3 - 2*m**2 + 1. Let z be f(1). Let d be (-52)/(-14) + z/(-21). Suppose -d*c - 25 + 157 = 0. Is c a prime number?
False
Let a(p) = -p - 5. Let h be a(-6). Let y(z) = -13*z**3 + z**2. Let i be y(h). Let d = 31 + i. Is d a composite number?
False
Is 4556/6*12/8 prime?
False
Suppose 2*s + 5*j - 73 = -22, 49 = 2*s + 3*j. Is s a prime number?
True
Suppose 0*m - m - 8 = -3*l, 5*l = 3*m + 24. Let o be (0 - (-1)/(-2))*m. Suppose -16 = o*t, 0 = 4*x - 2*t - 0*t - 44. Is x prime?
False
Suppose 0 = 3*w + 3 + 6. Let u = w + 5. Suppose -u*s + 5*s = 117. Is s a composite number?
True
Suppose 2*s - s = 3. Is 1/s - 140/(-3) a composite number?
False
Suppose -b + 3*b - 164 = o, -4*o = 4*b - 340. Is b prime?
True
Let c = 10 + -3. Suppose -4*z = -2*g - 4, 3*g - c*g = 4*z - 40. Suppose g = p - 16. Is p prime?
False
Suppose -4*n + 2*r + 12 = 2, -3*r = -4*n + 15. Suppose -h + 37 = -n. Is h a composite number?
False
Let m = 1270 + -579. Is m a prime number?
True
Suppose -2*x = -y - 6, -2*y + 4 = 5*x + y. Suppose 805 = 3*d + x*d. Is d composite?
True
Let b = -292 + 941. Is b a prime number?
False
Let p(v) = -v**3 + 3*v**2 + v. Let u be p(3). Let n = 50 - u. Is n a composite number?
False
Suppose 4*v + 5*a = 112, -5*a + a = 5*v - 131. Suppose 2*s - 117 = -v. Let m = 102 + s. Is m a prime number?
True
Let f be (-1)/((6/250)/(-3)). Suppose -2*z = -4*x - 58, -4*z - 5*x + f = -30. Is z a composite number?
True
Suppose -2*x - 7 = -5*v + 18, 2*v - 3*x = 10. Is 1 - v - (-414)/2 a composite number?
True
Let x = -1292 + 4146. Is x prime?
False
Let g(i) = 12*i - 7*i**2 - 8 - 2*i**2 - 2*i**3 + 3*i**3. Let q be g(8). Let n = 43 - q. Is n composite?
False
Let g(w) = -w**2 - 4*w - 3. Let y be g(-3). Suppose 0 = 2*v + c - 4, 5*v + c = -y*v + 16. Suppose 288 = v*q + 52. Is q prime?
True
Is (502/8)/(119/56 + -2) prime?
False
Suppose -2*z + 746 = -4*x, 0 = 3*x - 0*x + 2*z + 542. Let n = x - -343. Is n prime?
False
Let y(p) = 15*p + 25. Is y(26) prime?
False
Let n = -148 + 213. Suppose -4*h + 0*h + 140 = 4*w, 2*h + w - n = 0. Let v = h + -11. Is v prime?
True
Let k(r) = r. Let u be k(-3). Let b(j) be the third derivative of j**5/12 - j**4/12 + j**3/3 - j**2. Is b(u) a prime number?
True
Let u(m) = 3*m**2 + 7*m + 9. Let j = 10 - 18. Let c = j + 0. Is u(c) a prime number?
False
Let n(v) = 3*v**2 + 9*v + 29. Let j(r) = 5*r**2 + 13*r + 44. Let k(u) = -5*j(u) + 8*n(u). Let a be k(9). Is (4/a)/((-4)/522) a composite number?
True
Let c(r) = 4*r**2 - 3*r - 2. Let l be c(4). Suppose 82 = 4*j - l. Suppose 4*b = -j + 493. Is b a composite number?
True
Suppose 0 = -3*a - v + 3, 2*v - 5*v = -9. Suppose -5*m + 14 + 1 = a. Suppose j = -m*l + 30, -2*l - 3*j = -5*l + 42. Is l a prime number?
True
Let g = 9032 - 5995. Is g a composite number?
False
Suppose 4*b - 2*r = 2222, -b - 4*r - r + 572 = 0. Is b a composite number?
False
Let c(l) = 61*l - 12. Is c(5) a composite number?
False
Suppose 0 = l - 3*k + 4, 2*k - 2 + 11 = 3*l. Suppose l*j = 2*z - 103 - 84, -2*z + 186 = -4*j. Is z prime?
False
Let y(u) = u**3 - 9*u**2 + 7*u + 8. Let r be y(8). Suppose 4*h + 10 - 30 = r. Suppose -5*n + 34 = t, 2*t = 3 - h. Is n prime?
True
Let m(o) = 65*o**2 - 2*o + 3. Suppose 4*s = b + 11, -s + 0*b + 14 = -4*b. Is m(s) prime?
False
Let p = -7 - -15. Suppose -d - 3*d - 418 = 2*b, 0 = -5*d - 5*b - 520. Is d/(-20)*p/2 composite?
True
Let b be (0/3)/(1 + 1). Suppose 0*i + 3*q = -i + 225, -i + 2*q + 210 = b. Let w = i + -137. Is w composite?
False
Let f(d) = 13*d**3 + 7*d + 3. Is f(4) a prime number?
True
Suppose 5*z - w + 0*w = 20, -5*z + 5*w = -20. Suppose -2*u + v = 5*v + z, -4*u + 3*v = -3. Is (0 - (1 - u))*-13 a prime number?
True
Let p(i) = -6*i**3 + i**2 - i - 1. Let n be p(-1). Let v(w) = n*w + 4 + w**2 + 0*w - 2*w**2. Is v(7) a prime number?
False
Suppose 0 = -3*m + 3, p + 4*m = -2*p + 1. Let c = p + 383. Is (-2)/4 - c/(-4) prime?
False
Is (-9406)/(-2) + (2 + 3 - 9) a composite number?
True
Let u be (3 + 0)/((-3)/(-2)). Suppose 26 + 24 = u*y. Let i = y - 2. Is i a composite number?
False
Suppose -o - 2*o = -429. Is o composite?
True
Let j be 10*((-45)/(-2) - 0). Let t = j - -76. Is t prime?
False
Suppose 0 = -5*k - 2*a + 955, 3*k - 3*a = -a + 573. Is k a prime number?
True
Suppose -p = 2*a + 7, -4*a + p - 18 = -7. Is (2/a)/((-2)/1527) a composite number?
False
Suppose 21 = 5*f - 29. Let b = 13 - f. Is b prime?
True
Let l(d) = 12*d**2 - d + 6. Let p be l(5). Let t be 4/(-8)*0/(-1). Suppose t*g + p = g. Is g a composite number?
True
Let s(y) = -11*y**2 - 2*y + 3. Let u be s(1). Suppose 0 = -g + j - 20 + 3, 0 = -2*j + 2. Let o = u - g. Is o composite?
True
Is -2*(-1 + 582/(-4)) a prime number?
True
Suppose -5*x + 72 = q, 0*q + 273 = 4*q + 5*x. Is q prime?
Tr